at is the hundreds digit of 37771?
7
What is the hundreds digit of 8019186?
1
What is the millions digit of 2575291?
2
What is the units digit of 13745844?
4
What is the hundred thousands digit of 1180409?
1
What is the hundred thousands digit of 15046128?
0
What is the millions digit of 1760007?
1
What is the tens digit of 1828905?
0
What is the ten thousands digit of 32674858?
7
What is the units digit of 95028?
8
What is the hundred thousands digit of 2446799?
4
What is the ten thousands digit of 10000103?
0
What is the tens digit of 200319?
1
What is the ten thousands digit of 3030793?
3
What is the thousands digit of 339723?
9
What is the thousands digit of 2200373?
0
What is the hundreds digit of 2146043?
0
What is the thousands digit of 1331887?
1
What is the units digit of 9565412?
2
What is the hundred thousands digit of 180594?
1
What is the thousands digit of 253998?
3
What is the hundred thousands digit of 477683?
4
What is the units digit of 13547841?
1
What is the thousands digit of 1617181?
7
What is the hundred thousands digit of 8658916?
6
What is the thousands digit of 931116?
1
What is the tens digit of 325373?
7
What is the thousands digit of 1770429?
0
What is the ten thousands digit of 31473?
3
What is the units digit of 2025609?
9
What is the tens digit of 554099?
9
What is the tens digit of 5385001?
0
What is the ten thousands digit of 448924?
4
What is the thousands digit of 5610417?
0
What is the tens digit of 9943158?
5
What is the units digit of 162754?
4
What is the ten thousands digit of 26295445?
9
What is the hundred thousands digit of 9708233?
7
What is the ten thousands digit of 279967?
7
What is the hundred thousands digit of 233597?
2
What is the units digit of 410425?
5
What is the ten thousands digit of 262895?
6
What is the units digit of 499827?
7
What is the ten thousands digit of 275519?
7
What is the thousands digit of 2174108?
4
What is the ten thousands digit of 791088?
9
What is the thousands digit of 75690?
5
What is the thousands digit of 298246?
8
What is the units digit of 229471?
1
What is the millions digit of 6909943?
6
What is the thousands digit of 450101?
0
What is the millions digit of 1114303?
1
What is the thousands digit of 3140292?
0
What is the hundreds digit of 1073013?
0
What is the thousands digit of 342516?
2
What is the units digit of 451082?
2
What is the units digit of 116411?
1
What is the hundreds digit of 67315?
3
What is the tens digit of 342914?
1
What is the tens digit of 689967?
6
What is the tens digit of 31317456?
5
What is the units digit of 7503139?
9
What is the units digit of 14697719?
9
What is the ten thousands digit of 1566814?
6
What is the hundred thousands digit of 1491446?
4
What is the thousands digit of 300619?
0
What is the hundreds digit of 17462919?
9
What is the units digit of 6819053?
3
What is the tens digit of 102703?
0
What is the tens digit of 1151827?
2
What is the ten thousands digit of 4640799?
4
What is the thousands digit of 1978104?
8
What is the hundred thousands digit of 125391?
1
What is the thousands digit of 2232298?
2
What is the units digit of 9864?
4
What is the ten thousands digit of 337438?
3
What is the millions digit of 3702583?
3
What is the tens digit of 6309767?
6
What is the hundreds digit of 226335?
3
What is the hundred thousands digit of 13044152?
0
What is the thousands digit of 397286?
7
What is the ten thousands digit of 497611?
9
What is the units digit of 702189?
9
What is the millions digit of 4881198?
4
What is the thousands digit of 345583?
5
What is the hundred thousands digit of 1421478?
4
What is the hundreds digit of 128989?
9
What is the units digit of 176015?
5
What is the millions digit of 40754839?
0
What is the tens digit of 42779350?
5
What is the thousands digit of 8975904?
5
What is the units digit of 985664?
4
What is the units digit of 6942853?
3
What is the tens digit of 122914?
1
What is the ten thousands digit of 17831368?
3
What is the thousands digit of 155433?
5
What is the ten millions digit of 31316152?
3
What is the units digit of 572702?
2
What is the tens digit of 4113024?
2
What is the hundred thousands digit of 896971?
8
What is the ten thousands digit of 3039731?
3
What is the hundred thousands digit of 3266654?
2
What is the ten thousands digit of 26382133?
8
What is the thousands digit of 63404?
3
What is the ten thousands digit of 152820?
5
What is the units digit of 2164395?
5
What is the hundred thousands digit of 945484?
9
What is the units digit of 78191?
1
What is the tens digit of 1357912?
1
What is the units digit of 703219?
9
What is the thousands digit of 1113487?
3
What is the hundreds digit of 156632?
6
What is the tens digit of 1392208?
0
What is the thousands digit of 72523?
2
What is the hundred thousands digit of 16871067?
8
What is the hundred thousands digit of 3170724?
1
What is the hundred thousands digit of 212006?
2
What is the hundreds digit of 66393?
3
What is the millions digit of 1143251?
1
What is the ten thousands digit of 395133?
9
What is the millions digit of 1182588?
1
What is the ten thousands digit of 347190?
4
What is the tens digit of 934232?
3
What is the hundreds digit of 211082?
0
What is the ten thousands digit of 1474014?
7
What is the hundreds digit of 13115682?
6
What is the hundreds digit of 310155?
1
What is the ten thousands digit of 44484?
4
What is the tens digit of 1010103?
0
What is the tens digit of 179134?
3
What is the thousands digit of 904725?
4
What is the hundreds digit of 2547076?
0
What is the tens digit of 2271017?
1
What is the units digit of 454758?
8
What is the thousands digit of 2617717?
7
What is the thousands digit of 15284081?
4
What is the hundred thousands digit of 200141?
2
What is the units digit of 2772803?
3
What is the units digit of 1647067?
7
What is the units digit of 2407727?
7
What is the tens digit of 282212?
1
What is the thousands digit of 166284?
6
What is the tens digit of 186438?
3
What is the tens digit of 585563?
6
What is the thousands digit of 6480660?
0
What is the hundred thousands digit of 378454?
3
What is the hundreds digit of 1334?
3
What is the ten thousands digit of 591131?
9
What is the ten thousands digit of 150807?
5
What is the tens digit of 1620303?
0
What is the ten thousands digit of 8380679?
8
What is the units digit of 22298930?
0
What is the tens digit of 10330644?
4
What is the tens digit of 1687181?
8
What is the millions digit of 2818109?
2
What is the tens digit of 1196352?
5
What is the hundred thousands digit of 257949?
2
What is the thousands digit of 226763?
6
What is the tens digit of 3998516?
1
What is the millions digit of 4652703?
4
What is the hundreds digit of 463911?
9
What is the hundred thousands digit of 1674844?
6
What is the hundred thousands digit of 6088199?
0
What is the units digit of 903227?
7
What is the thousands digit of 1287301?
7
What is the hundreds digit of 322934?
9
What is the tens digit of 168916?
1
What is the millions digit of 2685270?
2
What is the thousands digit of 6005455?
5
What is the thousands digit of 217691?
7
What is the tens digit of 20084947?
4
What is the ten thousands digit of 611699?
1
What is the ten thousands digit of 36363260?
6
What is the units digit of 1038924?
4
What is the hundred thousands digit of 7377335?
3
What is the thousands digit of 797337?
7
What is the tens digit of 145408?
0
What is the millions digit of 8869707?
8
What is the hundreds digit of 852147?
1
What is the tens digit of 326076?
7
What is the ten thousands digit of 2228846?
2
What is the hundred thousands digit of 581846?
5
What is the millions digit of 1299995?
1
What is the units digit of 446801?
1
What is the tens digit of 423289?
8
What is the ten thousands digit of 113793?
1
What is the hundreds digit of 2641381?
3
What is the ten thousands digit of 289910?
8
What is the tens digit of 1264394?
9
What is the tens digit of 14402031?
3
What is the ten thousands digit of 17181511?
8
What is the hundreds digit of 257851?
8
What is the hundred thousands digit of 15380541?
3
What is the ten thousands digit of 6934113?
3
What is the units digit of 479900?
0
What is the tens digit of 1964857?
5
What is the ten thousands digit of 3587196?
8
What is 